{"version":"1.0","provider_name":"OTIS Advocaten Spanje","provider_url":"https:\/\/www.otisadvocaten.es\/de\/","author_name":"getbright","author_url":"https:\/\/www.otisadvocaten.es\/de\/author\/getbright\/","title":"Vermietung von Gesch\u00e4ftsr\u00e4umen - OTIS Advocaten Spanje","type":"rich","width":600,"height":338,"html":"<blockquote class=\"wp-embedded-content\" data-secret=\"Ut1LK4HveV\"><a href=\"https:\/\/www.otisadvocaten.es\/de\/covid-19mietrecht\/vermietung-von-geschaeftsraeumen\/\">Vermietung von Gesch\u00e4ftsr\u00e4umen<\/a><\/blockquote><iframe sandbox=\"allow-scripts\" security=\"restricted\" src=\"https:\/\/www.otisadvocaten.es\/de\/covid-19mietrecht\/vermietung-von-geschaeftsraeumen\/embed\/#?secret=Ut1LK4HveV\" width=\"600\" height=\"338\" title=\"&#8222;Vermietung von Gesch\u00e4ftsr\u00e4umen&#8220; &#8211; OTIS Advocaten Spanje\" data-secret=\"Ut1LK4HveV\" frameborder=\"0\" marginwidth=\"0\" marginheight=\"0\" scrolling=\"no\" class=\"wp-embedded-content\"><\/iframe><script>\n\/*! This file is auto-generated *\/\n!function(c,d){\"use strict\";var e=!1,o=!1;if(d.querySelector)if(c.addEventListener)e=!0;if(c.wp=c.wp||{},c.wp.receiveEmbedMessage);else if(c.wp.receiveEmbedMessage=function(e){var t=e.data;if(!t);else if(!(t.secret||t.message||t.value));else if(\/[^a-zA-Z0-9]\/.test(t.secret));else{for(var r,s,a,i=d.querySelectorAll('iframe[data-secret=\"'+t.secret+'\"]'),n=d.querySelectorAll('blockquote[data-secret=\"'+t.secret+'\"]'),o=new RegExp(\"^https?:$\",\"i\"),l=0;l<n.length;l++)n[l].style.display=\"none\";for(l=0;l<i.length;l++)if(r=i[l],e.source!==r.contentWindow);else{if(r.removeAttribute(\"style\"),\"height\"===t.message){if(1e3<(s=parseInt(t.value,10)))s=1e3;else if(~~s<200)s=200;r.height=s}if(\"link\"===t.message)if(s=d.createElement(\"a\"),a=d.createElement(\"a\"),s.href=r.getAttribute(\"src\"),a.href=t.value,!o.test(a.protocol));else if(a.host===s.host)if(d.activeElement===r)c.top.location.href=t.value}}},e)c.addEventListener(\"message\",c.wp.receiveEmbedMessage,!1),d.addEventListener(\"DOMContentLoaded\",t,!1),c.addEventListener(\"load\",t,!1);function t(){if(o);else{o=!0;for(var e,t,r,s=-1!==navigator.appVersion.indexOf(\"MSIE 10\"),a=!!navigator.userAgent.match(\/Trident.*rv:11\\.\/),i=d.querySelectorAll(\"iframe.wp-embedded-content\"),n=0;n<i.length;n++){if(!(r=(t=i[n]).getAttribute(\"data-secret\")))r=Math.random().toString(36).substr(2,10),t.src+=\"#?secret=\"+r,t.setAttribute(\"data-secret\",r);if(s||a)(e=t.cloneNode(!0)).removeAttribute(\"security\"),t.parentNode.replaceChild(e,t);t.contentWindow.postMessage({message:\"ready\",secret:r},\"*\")}}}}(window,document);\n<\/script>\n","thumbnail_url":"https:\/\/www.otisadvocaten.es\/wp-content\/uploads\/sites\/2\/2020\/05\/7.-COVID-1.jpg","thumbnail_width":800,"thumbnail_height":800,"description":"Covid-19: Ma\u00dfnahmen der spanischen Regierung in Bezug auf die Vermietung von Gesch\u00e4ftsr\u00e4umen Mithilfe des K\u00f6niglichen Gesetzdekretes 15\/2020, das am 21. April 2020 erlassen wurde, soll Selbstst\u00e4ndigen und mittelst\u00e4ndischen Unternehmen geholfen werden, die Gesch\u00e4ftsr\u00e4ume vermieten. Im Folgenden wird analysiert, welche Voraussetzungen bestehen, um von diesen Ma\u00dfnahmen profitieren zu k\u00f6nnen und welche Hilfen zur Verf\u00fcgung gestellt werden. [&hellip;]"}

Vermietung von Geschäftsräumen - OTIS Advocaten Spanje

<blockquote class="wp-embedded-content" data-secret="Ut1LK4HveV"><a href="https://www.otisadvocaten.es/de/covid-19mietrecht/vermietung-von-geschaeftsraeumen/">Vermietung von Geschäftsräumen</a></blockquote><iframe sandbox="allow-scripts" security="restricted" src="https://www.otisadvocaten.es/de/covid-19mietrecht/vermietung-von-geschaeftsraeumen/embed/#?secret=Ut1LK4HveV" width="600" height="338" title="&#8222;Vermietung von Geschäftsräumen&#8220; &#8211; OTIS Advocaten Spanje" data-secret="Ut1LK4HveV" frameborder="0" marginwidth="0" marginheight="0" scrolling="no" class="wp-embedded-content"></iframe><script>
/*! This file is auto-generated */
!function(c,d){"use strict";var e=!1,o=!1;if(d.querySelector)if(c.addEventListener)e=!0;if(c.wp=c.wp||{},c.wp.receiveEmbedMessage);else if(c.wp.receiveEmbedMessage=function(e){var t=e.data;if(!t);else if(!(t.secret||t.message||t.value));else if(/[^a-zA-Z0-9]/.test(t.secret));else{for(var r,s,a,i=d.querySelectorAll('iframe[data-secret="'+t.secret+'"]'),n=d.querySelectorAll('blockquote[data-secret="'+t.secret+'"]'),o=new RegExp("^https?:$","i"),l=0;l<n.length;l++)n[l].style.display="none";for(l=0;l<i.length;l++)if(r=i[l],e.source!==r.contentWindow);else{if(r.removeAttribute("style"),"height"===t.message){if(1e3<(s=parseInt(t.value,10)))s=1e3;else if(~~s<200)s=200;r.height=s}if("link"===t.message)if(s=d.createElement("a"),a=d.createElement("a"),s.href=r.getAttribute("src"),a.href=t.value,!o.test(a.protocol));else if(a.host===s.host)if(d.activeElement===r)c.top.location.href=t.value}}},e)c.addEventListener("message",c.wp.receiveEmbedMessage,!1),d.addEventListener("DOMContentLoaded",t,!1),c.addEventListener("load",t,!1);function t(){if(o);else{o=!0;for(var e,t,r,s=-1!==navigator.appVersion.indexOf("MSIE 10"),a=!!navigator.userAgent.match(/Trident.*rv:11\./),i=d.querySelectorAll("iframe.wp-embedded-content"),n=0;n<i.length;n++){if(!(r=(t=i[n]).getAttribute("data-secret")))r=Math.random().toString(36).substr(2,10),t.src+="#?secret="+r,t.setAttribute("data-secret",r);if(s||a)(e=t.cloneNode(!0)).removeAttribute("security"),t.parentNode.replaceChild(e,t);t.contentWindow.postMessage({message:"ready",secret:r},"*")}}}}(window,document);
</script>

Covid-19: Maßnahmen der spanischen Regierung in Bezug auf die Vermietung von Geschäftsräumen Mithilfe des Königlichen Gesetzdekretes 15/2020, das am 21. April 2020 erlassen wurde, soll Selbstständigen und mittelständischen Unternehmen geholfen werden, die Geschäftsräume vermieten. Im Folgenden wird analysiert, welche Voraussetzungen bestehen, um von diesen Maßnahmen profitieren zu können und welche Hilfen zur Verfügung gestellt werden. [&hellip;]
