{"version":"1.0","provider_name":"OTIS Advocaten Spanje","provider_url":"https:\/\/www.otisadvocaten.es\/de\/","author_name":"getbright","author_url":"https:\/\/www.otisadvocaten.es\/de\/author\/getbright\/","title":"Astrid Algra - OTIS Advocaten Spanje","type":"rich","width":600,"height":338,"html":"<blockquote class=\"wp-embedded-content\" data-secret=\"xELylbnAbv\"><a href=\"https:\/\/www.otisadvocaten.es\/de\/team\/astrid-algra\/\">Astrid Algra<\/a><\/blockquote><iframe sandbox=\"allow-scripts\" security=\"restricted\" src=\"https:\/\/www.otisadvocaten.es\/de\/team\/astrid-algra\/embed\/#?secret=xELylbnAbv\" width=\"600\" height=\"338\" title=\"&#8222;Astrid Algra&#8220; &#8211; OTIS Advocaten Spanje\" data-secret=\"xELylbnAbv\" frameborder=\"0\" marginwidth=\"0\" marginheight=\"0\" scrolling=\"no\" class=\"wp-embedded-content\"><\/iframe><script>\n\/*! This file is auto-generated *\/\n!function(c,d){\"use strict\";var e=!1,o=!1;if(d.querySelector)if(c.addEventListener)e=!0;if(c.wp=c.wp||{},c.wp.receiveEmbedMessage);else if(c.wp.receiveEmbedMessage=function(e){var t=e.data;if(!t);else if(!(t.secret||t.message||t.value));else if(\/[^a-zA-Z0-9]\/.test(t.secret));else{for(var r,s,a,i=d.querySelectorAll('iframe[data-secret=\"'+t.secret+'\"]'),n=d.querySelectorAll('blockquote[data-secret=\"'+t.secret+'\"]'),o=new RegExp(\"^https?:$\",\"i\"),l=0;l<n.length;l++)n[l].style.display=\"none\";for(l=0;l<i.length;l++)if(r=i[l],e.source!==r.contentWindow);else{if(r.removeAttribute(\"style\"),\"height\"===t.message){if(1e3<(s=parseInt(t.value,10)))s=1e3;else if(~~s<200)s=200;r.height=s}if(\"link\"===t.message)if(s=d.createElement(\"a\"),a=d.createElement(\"a\"),s.href=r.getAttribute(\"src\"),a.href=t.value,!o.test(a.protocol));else if(a.host===s.host)if(d.activeElement===r)c.top.location.href=t.value}}},e)c.addEventListener(\"message\",c.wp.receiveEmbedMessage,!1),d.addEventListener(\"DOMContentLoaded\",t,!1),c.addEventListener(\"load\",t,!1);function t(){if(o);else{o=!0;for(var e,t,r,s=-1!==navigator.appVersion.indexOf(\"MSIE 10\"),a=!!navigator.userAgent.match(\/Trident.*rv:11\\.\/),i=d.querySelectorAll(\"iframe.wp-embedded-content\"),n=0;n<i.length;n++){if(!(r=(t=i[n]).getAttribute(\"data-secret\")))r=Math.random().toString(36).substr(2,10),t.src+=\"#?secret=\"+r,t.setAttribute(\"data-secret\",r);if(s||a)(e=t.cloneNode(!0)).removeAttribute(\"security\"),t.parentNode.replaceChild(e,t);t.contentWindow.postMessage({message:\"ready\",secret:r},\"*\")}}}}(window,document);\n<\/script>\n","thumbnail_url":"https:\/\/www.otisadvocaten.es\/wp-content\/uploads\/sites\/2\/2021\/04\/Astrid-Algra-2_1073024.png","thumbnail_width":1150,"thumbnail_height":1000,"description":"Astrid arbeitet in unserer Kanzlei als Ansprechpartnerin f\u00fcr niederl\u00e4ndische Mandanten und bietet rechtliche und administrative Unterst\u00fctzung bei der Ein- und Ausreise von OTIS-Anw\u00e4lten in der Kanzlei in Marbella. Nach ihrem Studium der Europastudien an der Universit\u00e4t Amsterdam entschloss sie sich, nach S\u00fcdspanien auszuwandern, das seit fast 20 Jahren ihr Heimatland ist. Ihre langj\u00e4hrige Erfahrung in [&hellip;]"}

Astrid arbeitet in unserer Kanzlei als Ansprechpartnerin für niederländische Mandanten und bietet rechtliche und administrative Unterstützung bei der Ein- und Ausreise von OTIS-Anwälten in der Kanzlei in Marbella. Nach ihrem Studium der Europastudien an der Universität Amsterdam entschloss sie sich, nach Südspanien auszuwandern, das seit fast 20 Jahren ihr Heimatland ist. Ihre langjährige Erfahrung in [&hellip;]
